umber?
True
Let d(p) be the third derivative of 145*p**5/2 - p**3/6 - 68*p**2 - p. Is d(-1) prime?
True
Let q(j) = -42*j**3 + 19*j**2 + 17*j - 91. Is q(-16) a prime number?
False
Is 2/10 + (-193758)/(-10) - (3 + 0) a prime number?
True
Let q = -1081 + -2716. Let u = q + 5695. Suppose -3*f - 2*n = 3*n - u, n = f - 630. Is f a prime number?
True
Suppose -5*q + 2*a + 325755 = 0, -5*a - 104742 = -4*q + 155845. Is q composite?
True
Suppose -45*x = -47 + 2. Suppose y + 24 = 5*y. Is (x - 8/y)/(4/(-34788)) a prime number?
False
Suppose -3*a = 2*l + 3895, 953 + 2927 = -2*l + 2*a. Suppose -2*h = n - 165 + 925, -4*h = 20. Let u = n - l. Is u composite?
False
Let o be -5 + (-76)/(-12) + 2/3. Suppose -t = -o*t. Suppose 4*a + 2*k - 7*k - 2069 = t, a = -5*k + 486. Is a a composite number?
True
Let t(h) = -h + 7. Let j be t(3). Suppose -j*l + i - 22271 = 2720, -2*l = 5*i + 12501. Let y = -4299 - l. Is y prime?
True
Let i(u) = 36*u**2 - 70*u + 2229. Is i(40) a composite number?
True
Suppose 203*k - 2530827 = 86*k. Is k prime?
False
Let x(p) = 1805*p - 103. Let y be x(11). Let i = y - 9179. Is i composite?
True
Suppose -40*s + 27158 + 2446513 = 25151. Is s a prime number?
False
Let g(t) be the third derivative of t**7/504 + 13*t**6/720 + t**5/6 + 11*t**2. Let a(l) be the third derivative of g(l). Is a(7) composite?
False
Let b(r) = r**2 - 21*r - 25. Let a be b(22). Is (1/a)/(-2 - 23204/(-11604)) a composite number?
False
Let d be (-3)/2 - (-119)/14. Suppose -5*s = d - 27. Suppose 5*q - s*q - 633 = 0. Is q composite?
True
Suppose -4*i = -14976 - 124632. Let p = 4217 + -4215. Is i/30 + p/(-5) a composite number?
False
Let b(w) = 27*w**3 + 4*w**2 + 4*w - 8. Is b(3) prime?
True
Suppose 7*i - i - 174 = 0. Suppose -4*a - o + 3 + i = 0, 8 = 2*o. Is a + 675 + -1 + -2 composite?
True
Suppose -19*i + 92*i - 3623204 = -723133. Is i a composite number?
False
Suppose 5*f = -u + 18023, 0 = -9*u + 13*u + 3*f - 72058. Is u composite?
False
Let q = 26149 + -3232. Suppose -45*t = -48*t + q. Is t prime?
True
Is 2/(-13) + 2517576/312 a composite number?
False
Let n(t) = t**3 - 7*t**2 + 6*t + 12. Let v be n(5). Let m(x) = -2542*x - 39. Is m(v) prime?
True
Suppose -4*j = c + 317, -5*j - 321 = 4*c - 3*c. Let t = -179 - c. Suppose 3225 = l - t. Is l a prime number?
True
Let m(t) = 235*t**2 - 104*t - 280. Is m(-39) composite?
False
Let r be -4 - (-54)/(-12)*1636. Let j = 11183 + r. Is j a prime number?
False
Let y(q) = q**2 - 15*q - 15. Let n be y(16). Let z = 24 - n. Suppose 2037 = 26*p - z*p. Is p prime?
False
Let s = 420 - 415. Suppose -r + 52*a - 49*a + 17960 = 0, 2*a + 89787 = s*r. Is r composite?
False
Let r be (3 - (-14)/2)/((-6)/(-720)). Suppose -2*t + 6994 - r = 0. Is t composite?
False
Suppose -v - 9*v = -20. Suppose -v*n + 5851 = -2*l + 5*l, -5*n - 5837 = -3*l. Is l a composite number?
False
Let u be 1*(14/(-2) - -6)*1. Let c(p) = -1080*p**3 - p**2 - 2*p. Is c(u) prime?
False
Suppose -5*m + 4*m = 2*w, -5*m + 4*w + 28 = 0. Suppose 7*n + m*i = 9*n - 6082, 2*n - 6079 = 3*i. Is n a prime number?
False
Let h(a) = 147*a - 10. Let u(k) = k**2 + 4*k + 7. Let c be u(-2). Is h(c) prime?
True
Let p(b) = -5*b - 3. Let c be p(7). Let z = c - -28. Let s(y) = -229*y + 27. Is s(z) a prime number?
False
Is (-63696288)/64*(1 - (-10)/(-6)) a composite number?
True
Let s(n) be the second derivative of n**5/20 - 11*n**4/12 - 4*n**3/3 - 13*n**2/2 + n. Suppose -5*x + 68 = 3*f, 34*x + 3*f - 16 = 33*x. Is s(x) prime?
False
Is (19 - 242)*(-3829)/7 prime?
False
Suppose -3*g = 2*g - 500. Suppose 5*b + 183 = -62. Let z = g + b. Is z composite?
True
Suppose -6*g - 81 + 9 = 0. Let a(r) = -154*r - 74. Is a(g) prime?
False
Suppose -5*u + 88 + 52 = 0. Suppose 19*w = u*w - 58689. Is w a prime number?
True
Suppose -3174*g - 727230 = -3204*g. Is g composite?
True
Suppose 10*i - 79 = -829. Let c = i + 78. Suppose -5*l - 2067 = -2*v, 2*v + c*l = -v + 3132. Is v composite?
True
Let a(k) = k + 1. Let n(z) be the first derivative of 37*z**2/2 + 21*z + 13. Let m(b) = 2*a(b) + n(b). Is m(8) a prime number?
False
Suppose 5*t + t - 60 = 0. Suppose -z + t = z. Suppose -g + 2435 = 4*g + n, z*n = 2*g - 974. Is g composite?
False
Let p = -9517 + 26386. Is p a prime number?
False
Is (-28)/21 + (-1878175)/(-39) composite?
False
Let j(o) = 2*o**3 - 19*o**2 - 16. Let f be j(13). Suppose 54*g = 40*g + 42. Suppose 0 = g*i + 54 - f. Is i a prime number?
False
Suppose 28 = 7*w - 14. Suppose -2*o = 4*g - 3548, 5*g + 2*o - 4422 = w*o. Is g composite?
True
Is ((-90)/24)/(48/(-128)) - -67731 a prime number?
True
Let i(w) = 36*w - 54. Let j be i(11). Let l = j - 156. Suppose -q + 7044 = s, -q - l = -3*s - 7234. Is q a prime number?
False
Is (-2)/47 + (-4840071)/(-1363) a composite number?
True
Let g be 18/15 + (-13608)/(-35). Is (g/4)/(-15)*-226 prime?
False
Suppose -3*u + p = 43, -3*u = -5*p + 3 + 56. Let k(v) = 38*v**2 - 3*v + 126. Is k(u) a composite number?
True
Let m(a) be the first derivative of -5*a**4/3 + 53*a**3/6 + 18*a**2 - 37. Let s(d) be the second derivative of m(d). Is s(-8) composite?
False
Is -35*(-28)/(-98) + 87393 composite?
False
Is (-21)/525*-2444290 + (-4)/(20/3) a composite number?
False
Let b(u) = 65*u**2 + 7*u + 15. Let t be b(-4). Suppose -2*h + 317 + 431 = 0. Let v = t - h. Is v composite?
False
Suppose -27*b + 19370422 - 728657 - 1844498 = 0. Is b composite?
True
Let f(s) be the second derivative of 13*s**4/6 + 5*s**2 + 42*s. Let b be f(7). Let h = -293 + b. Is h prime?
True
Let u = 41663 + -8706. Is u prime?
True
Suppose 4 = 6*j - 20. Suppose -2*m + 3*f + 7 = -1, -2*f + 48 = j*m. Suppose -6309 = -m*s + s. Is s prime?
True
Suppose 0 = 16*m - 19*m + 1770. Suppose -5*k + 1460 = 5*v, -2*v + 0*k + m = -4*k. Suppose -w - x + 74 = -v, w - 387 = 4*x. Is w a composite number?
True
Is ((-396)/(-660) - (-2)/(20/(-1722091)))*-2 a prime number?
True
Let r(u) = -8*u - 637. Let i(a) = -9*a - 639. Let s(c) = -5*i(c) + 4*r(c). Is s(0) a prime number?
True
Let m be -3 - 5/(25/(-35)). Suppose 4*d = -m, -5*p + 3*d + 28 - 5 = 0. Suppose 3241 = 3*w - 2*t, 0*w + p*t + 1097 = w. Is w prime?
False
Let f = 1336958 + -433285. Is f a prime number?
True
Suppose -21*j = 3*j - 96. Suppose 806 = j*l + 5*f - 769, -f - 1 = 0. Is l a composite number?
True
Suppose -4*n + 8*n - 24 = 5*x, -3*n - 2*x = -18. Is (8508/(-16))/(n/(-8)) composite?
False
Is (789/2367)/((-450044)/(-450042) - 1) a prime number?
False
Suppose j - 5 = 3. Let p be (2/(-10)*j)/(4/(-120)). Let b = -42 + p. Is b composite?
True
Let z(i) = 51*i**3 - 1 + 41491*i - 41491*i + 2*i**2. Is z(6) composite?
False
Suppose 32 = 5*y + 2*o + 2, 5*y - 4*o = 0. Let u be y + (0 - 0) + (-6 - -3289). Suppose i = u + 308. Is i composite?
True
Let o(y) be the third derivative of y**6/120 - 17*y**5/30 + 7*y**4/6 + 16*y**3/3 - 40*y**2 - 3. Is o(35) a prime number?
True
Suppose -34673 - 28339 = -4*j. Let v = j + -11124. Is v a composite number?
True
Let x(b) = 212631*b**2 + 2*b - 2. Is x(-1) a composite number?
False
Let t(z) = 58*z + 35. Let v(g) = g + 18. Let p be (-6)/(-2) + (-16 - -6). Let m be v(p). Is t(m) a composite number?
False
Is (16/84 - 3/(-42)*2)*200523 prime?
True
Let m(k) = -3*k - 80. Let n be m(0). Let d = n + 84. Suppose 5*w - 265 = -3*h + 304, d*w - h - 462 = 0. Is w composite?
True
Suppose 2*r - 184635 = 5*i, 350150 = 3*r + 5*i + 73260. Is r prime?
False
Suppose 121*f - 8 = 122*f. Let m(y) = 7*y**2 - 13*y - 16. Let z(x) = -x**2 + 1. Let r(j) = m(j) + 5*z(j). Is r(f) composite?
True
Let x(m) = -341*m + 11. Let p be x(-12). Let u be 13682/(-8) + 1/4. Let q = u + p. Is q prime?
True
Suppose -5*q - 300 = 3*z, -2*z + 3*q = -55 + 255. Let u = 351 - z. Is u prime?
False
Let g be 485*(-3)/10*2. Let a(p) = -7*p**2 - p + 6. Let j be a(-5). Let k = j - g. Is k a prime number?
True
Suppose a - 3 = -1. Suppose a*y + l = 9141, 5*l + 4575 = y + l. Is y a composite number?
True
Let m(v) = 17*v**2 + 0*v**2 + 6 + 4*v + 75*v**2 + 15. Is m(-4) prime?
False
Let a(q) = -68*q**3 - 24*q**2 - 73*q + 146. Is a(-15) composite?
False
Suppose 0 = 2*o - 2*z - 29804, z + 2*z = -3. Is o prime?
False
Let r = 2162 - 1133. Suppose 0*p + d = p - 1044, r = p + 4*d. Suppose -9*y + 858 = -p. Is y a composite number?
False
Let z(p) = 10*p + 226. Let w be z(-22). Suppose -w = 3*g, j = -0*j - 2*g + 5143. Is j prime